mainder when 2 - -1 - (-13)/(n/(-18)) is divided by 6?
3
Let z be (6/3 - 0) + 46. Let u be z*(1 + 2 + 1). Suppose -5*y - 152 = p - 399, -2*p = -4*y + u. What is the remainder when y is divided by 13?
10
Let l = -56 - -66. Calculate the remainder when 36 is divided by 2/(-4) - (-195)/l.
17
Let x = 259 - 226. What is the remainder when x is divided by 15?
3
Suppose 4*z + 66 = 6*z. Calculate the remainder when z is divided by ((-27)/6)/(-3)*(-238)/(-21).
16
Suppose 0 = -4*f + 2*m + 76, 0*f - 2*m + 32 = 2*f. What is the remainder when 279/(-15)*(-15 - -10) + -4 is divided by f?
17
Suppose -1296 = 9*w - 261. Calculate the remainder when 43 is divided by ((-368)/w)/((-2)/(-20)*4).
3
Suppose 0 = 4*t + t - 15. Suppose -5*y - 5*w = -90, y + y - t*w = 26. Let x(j) = 8*j + 60. Calculate the remainder when x(0) is divided by y.
12
Let p be 12/(4 + -1) - 200. Let k = 283 + p. What is the remainder when k is divided by 22?
21
Let i be (-60)/390 - 483/(-13). Suppose 0 = -3*d - 4*z + i, -3*d + 0*d + 29 = -4*z. What is the remainder when d is divided by 3?
2
Let g(u) = u + 3. Suppose -3*m = -p - 30, -2*p + 3*p = 0. Suppose m = -2*w, -16 = 5*y - 6*y - 3*w. What is the remainder when y is divided by g(5)?
7
Let a(h) be the first derivative of -h**2/2 + 35*h - 34. What is the remainder when a(15) is divided by 11?
9
Suppose -4*l - 40 = -i + 58, -5*i = -l - 490. Suppose 5*b + 61 + 90 = 4*j, -2*j - 2*b = -62. What is the remainder when i is divided by j?
30
Let w(y) = y**3 - 3*y**2 - 5*y - 5. Let g be w(5). Suppose -5*a = -3*x + 34 + g, -a + 10 = x. What is the remainder when x is divided by 8?
5
What is the remainder when 108 is divided by (-2352)/(-126)*18/8?
24
Suppose -2*v + 3*a = -36, -2*a = 2*v - 1 - 15. Let p(k) = -k**3 + 7*k**2 - 2*k + 20. What is the remainder when p(6) is divided by v?
8
Let h = -182 + 190. What is the remainder when 31 is divided by h?
7
Let p = -12 - -14. Suppose -18 = -p*l + 6. What is the remainder when 79 is divided by 6*(0 - (-40)/l)?
19
Suppose -22 = 5*a - 32. Let l(q) = 7 - a*q + 0*q + 5*q. What is the remainder when l(4) is divided by 7?
5
Let q(i) = -12*i - 6. What is the remainder when q(-6) is divided by 34 + 3/(-15)*0?
32
What is the remainder when 181 is divided by -10 - 6 - -8 - -99?
90
Suppose 0 = -l + 13*s - 12*s + 143, 0 = 5*l + 3*s - 707. Calculate the remainder when l is divided by 11.
10
Let h = -376 + 387. Let d(m) = m - 2. Calculate the remainder when h is divided by d(5).
2
Let s(y) = y**2 - 3*y - 6. Let k be s(4). What is the remainder when 52 is divided by k/1*(-9)/2?
7
Let w(m) = 2*m**2 + 4*m - 572. Calculate the remainder when w(-23) is divided by 66.
64
Suppose -31*i + 4080 = -11*i. Calculate the remainder when i is divided by 13.
9
Suppose -110 = -4*t - 5*i - 18, 2*t - 2*i = 28. Let p = -32 - -38. Calculate the remainder when t is divided by p.
0
Let s(h) = h**3 + 7*h**2 - 9*h - 3. Let z be s(-8). Suppose 0 = -z*n + n + 40. What is the remainder when 17 is divided by n?
7
Calculate the remainder when 238 + (-6 - (-13 - -3)) is divided by 23.
12
Suppose -3*n + 65 = -3*k + 7*k, 0 = -3*k - n + 45. Calculate the remainder when 65 is divided by k.
9
Let s(w) = 20*w + 70. Calculate the remainder when 270 is divided by s(0).
60
Let u(d) = -d**3 - 11*d**2 + 13*d + 14. Let r be u(-12). Suppose 9 = r*z - 3. What is the remainder when 232/6 - (-2)/z is divided by 21?
18
Suppose -60*z - 39 = -63*z. Calculate the remainder when 24 is divided by z.
11
Suppose 0 = -0*p + 23*p - 69. What is the remainder when 294 is divided by p?
0
Let u(s) = -924*s - 3676. Calculate the remainder when 73/2 - (-1)/(-2) is divided by u(-4).
16
Let b = -57 - -83. Suppose -10*n - 134 = -11*n + 5*r, -2*r = -8. What is the remainder when n is divided by b?
24
Suppose -147*b + 151*b + 4*w = 480, 4*b + 5*w = 485. What is the remainder when b is divided by 25?
15
Let f = -59 - -104. Calculate the remainder when f is divided by 13.
6
Suppose -5*i = 5*t, t = 2 + 1. Let y be i - (-12)/(-9)*-3. Let q(u) = 12*u - 1. Calculate the remainder when q(y) is divided by 6.
5
Calculate the remainder when (2 - (-4)/(-8))/((-12)/(-208)) is divided by 8.
2
Suppose 81 = -0*g + 3*g. Suppose 0 = 4*u + 5*a + 12, -3*u + 8*a = 3*a - 26. Calculate the remainder when 34 is divided by g*(u + 8/(-6)).
16
Suppose 18*b = 23*b - 65. What is the remainder when 218 is divided by b?
10
Suppose 23*h - 8 = 19*h. What is the remainder when ((-22)/6)/(h/(-24)) is divided by 9?
8
Let j(w) = -5*w + w - w + 19 + 3*w. Let p be j(8). Suppose 0 = 2*c + 5*m - 4, p*m + 12 = -0*m. What is the remainder when 23 is divided by c?
11
Let q be 15/2*(-40)/12. Let d = 22 + q. Let r = 9 + d. Calculate the remainder when r is divided by 2.
0
Let w(p) = 2*p**2 - 27*p - 2. Let x(k) = k**2 - 14*k - 1. Let l(h) = -4*w(h) + 7*x(h). Calculate the remainder when 47 is divided by l(9).
7
Let f be 13 - (0 + 3)/3. Calculate the remainder when f/5*(-60)/(-18) is divided by 5.
3
Let q(s) = 2*s**2 + 172*s + 3435. Let k = 38 - 21. What is the remainder when q(-55) is divided by k?
8
Suppose 5*i = -a + 2*i + 37, 4*a = 3*i + 163. Calculate the remainder when 73 is divided by a.
33
Let o(l) = 18*l**2 + 31*l - 17. Calculate the remainder when o(4) is divided by 12.
11
Suppose -5*g + 6*g = 20. Suppose -416 = -19*j + 287. What is the remainder when j is divided by g?
17
Let u(o) = 4*o + 1 + o**3 - 8*o**2 + o + 4*o. Let p = 87 - 44. What is the remainder when p is divided by u(7)?
13
What is the remainder when 35 is divided by (-26 + 20)/(-2 - 0/1)?
2
Suppose 2*b - 2*a - 80 = 0, -172 + 37 = -3*b - 2*a. Suppose -b*o + 30 = -41*o. What is the remainder when o is divided by 13?
2
Suppose -4*t - 5*d = -84, -3*t - 11*d = -7*d - 64. What is the remainder when 639 is divided by t?
15
Suppose 0 = 2*d - 89 - 21. Suppose -d = -2*y + 3*w - 2*w, 0 = 2*y + 2*w - 40. What is the remainder when 42 is divided by y?
17
Suppose 0 = -3*t - p + 621, -186 = -2*t - 4*p + 218. Suppose -6*h + 312 = -256 + 388. Calculate the remainder when t is divided by h.
28
Let p be (30/4)/1*6. Suppose 0 = k + 2*k - 312. Let o = k - p. Calculate the remainder when o is divided by 31.
28
Suppose 2*u + 0*u - 36 = 0. Let o = 91 - 56. What is the remainder when u is divided by o/(-28)*-2*2?
3
Let b(n) = 5*n**2 - 2. Suppose 4*g - 4*i + 4 = 0, -2*g + 4*i = 2 + 6. Suppose 45 = 2*o - 21. What is the remainder when o is divided by b(g)?
15
Suppose -a - 162 = -7*a. Let i be 2/(-1)*14*-1. Calculate the remainder when a is divided by (1 + -2)*i/(-2).
13
Let h(s) = 20*s. Let f be h(-3). Let r = 84 + f. What is the remainder when r is divided by 13?
11
Let k(w) = 4*w**2 + 15*w**3 - 6*w**3 - 10*w**3 + 8*w. Calculate the remainder when 29 is divided by k(5).
14
Let b be -4 - ((-164)/(-1))/(-4). Let j = b - 31. Calculate the remainder when 17 is divided by j.
5
Suppose 0 = -l - 2*l + 24. Suppose 0 = -5*z + z + 4*s + 68, 5*z - 84 = 4*s. Suppose -z*f - 592 = -32*f. Calculate the remainder when f is divided by l.
5
Suppose 18 = -6*g - 0*g. Let d(i) = -12*i - 2 - 2*i + 3. What is the remainder when d(g) is divided by 15?
13
Suppose -j - j = -252. What is the remainder when j is divided by 28?
14
Suppose 0 = -17*k + 4*k + 1833. What is the remainder when k is divided by 13?
11
Let t(d) = -d**2 + d + 16. What is the remainder when 169 is divided by t(3)?
9
Suppose -80*p + 60*p + 16020 = 0. What is the remainder when p is divided by 73?
71
Calculate the remainder when 53 is divided by (3/9 + -1)/((-4)/114).
15
Let a(o) = o**3 + 9*o**2 - 2*o - 21. Let i be a(-9). Calculate the remainder when (-4)/i - 56/(-3) is divided by 9.
2
Let u be (-1)/(-4) - (-46)/8. Let d(j) = 8*j - 8. Suppose -14*m = -4*x - 19*m + 56, 42 = 3*x - 5*m. Calculate the remainder when d(u) is divided by x.
12
Let v be 0 - 24/(-4 + 0). Suppose -2*l - 4*s + 32 = 0, -s + 90 = 4*l - v*s. Calculate the remainder when 78 is divided by l.
18
Let v(a) = -2*a**3 + 36*a**2 - 40*a - 37. What is the remainder when v(16) is divided by 39?
35
Suppose 9 = 5*w + 4*g - 32, g + 28 = 3*w. Let y be (-3)/w*1*-9. Suppose -2 + 11 = y*v. Calculate the remainder when 4 is divided by v.
1
Let d(h) = 1. Let b(l) = -2*l**2 - l + 26. Let q(s) = b(s) + 2*d(s). What is the remainder when 82 is divided by q(0)?
26
Let w(q) be the first deriva